 + 52/w.
2
What are the prime factors of (2/(-6))/((-6736)/2244 - -3)?
11, 17
Suppose -3*h = -2*t + 27, -2*h - 26 = -0*t - 2*t. Suppose 5*p + 27 = -2*b, -4*p + 5*b - 48 = -0. Let o = t + p. List the prime factors of o.
5
Let f(q) = -q + 12. Let h be f(0). Suppose -3*d - h = -x, 4*d = -5*x + d + 150. What are the prime factors of x?
3
Let u(t) = t**2 + 4*t - 7. Suppose 0 = -2*i + i + 9. Let p be ((-24)/i - -3)*-21. List the prime factors of u(p).
2, 7
Suppose -5*y + 42 = -128. What are the prime factors of y?
2, 17
Let w(r) = -r**2 - 3*r + 7. Let l be w(-7). Let k = 40 + l. List the prime factors of k.
19
Let o(k) = k**3 + 12*k**2 + 4*k - 6. Let d(i) = 2*i**3 + 24*i**2 + 7*i - 11. Let y(r) = -4*d(r) + 7*o(r). List the prime factors of y(-12).
2
What are the prime factors of (-54)/(-4) - (-12)/24?
2, 7
Suppose 0 = 2*c - 5*t - 371, -3*c = 2*c - 4*t - 919. List the prime factors of c.
3, 61
Let m be 0*((-5)/2)/5. Suppose m = 3*y + 2*y - 95. List the prime factors of y.
19
Suppose 5*l = -3*h + 103, -4*h + 164 = -3*l - 12. List the prime factors of h.
41
Let o(j) = j + 20. Suppose x = -2*x - 33. List the prime factors of o(x).
3
Let h = 50 + -36. List the prime factors of h.
2, 7
Let x(n) = 14*n**3 - 2*n**2 - 2*n - 1. Let b be x(-1). Let a = b + 23. What are the prime factors of a?
2
Suppose 5*v - 2*c - 135 = 0, -3*v + 60 = 3*c - 0*c. What are the prime factors of v?
5
Suppose -j - j = 2. Let r be (0 - 1 - j)/(-2). Suppose -5*m - 3 + 13 = r. List the prime factors of m.
2
Let r = 19 - 11. What are the prime factors of 41/4 + 6/r?
11
Suppose -6*v = -107 - 583. What are the prime factors of v?
5, 23
Let k(w) = w**3 + 5*w**2 - 4*w + 2. List the prime factors of k(-3).
2
Let d(g) = -22*g - 2. List the prime factors of d(-2).
2, 3, 7
List the prime factors of (-10)/(-15)*(-861)/(-2).
7, 41
Let d be 3/1 + -3 - -30. Suppose 4*b + 12 = 0, -2*b - 16 = -2*a + d. List the prime factors of a.
2, 5
Suppose 4*u - 16 = 2*u. Let j(q) = 2*q - q**3 - 3 + 0*q - 7 + u*q**2. List the prime factors of j(8).
2, 3
Let c be 1/(-1)*1*-3. Suppose 0 = w - c*r + 8, 3*w = -5*r + 1 + 17. List the prime factors of -2 - (w + 0 - 12).
3
Suppose 3*r + 3*l = 30, 2*r - 35 = -2*r - 3*l. Suppose -2*d - 27 = 5*a - 0, -r*a - 33 = 3*d. List the prime factors of (-87)/(-9) - (-4)/d.
3
Let k(s) = s**2 + 7*s - 6. Let g be k(-8). Let w(h) = 4*h**g + 3*h**3 + 4 - 2 - 4*h**3 - 2*h. What are the prime factors of w(3)?
5
Let i(o) be the third derivative of 5*o**4/12 - 4*o**3/3 - 2*o**2. Let h be i(-7). List the prime factors of h/(-4)*(-8)/(-12).
13
Let a be ((-3 - -2) + -2)*-15. Suppose 5*z = -4*m + a, 5*z - 20 = -2*m + 3*m. List the prime factors of m.
5
Let q(n) = -n**2 - 13*n + 3. List the prime factors of q(-8).
43
Let u = 4 + -1. Suppose 4*v = -5*y + 40, -u*v + 5*y = v. What are the prime factors of v?
5
Let l be 47/9 + (-6)/27. Suppose 2*p = -1 - 1, p + l = m. List the prime factors of m.
2
Let h(z) = 24*z + 37. List the prime factors of h(11).
7, 43
Let z be (-14)/(-4) - 1/2. What are the prime factors of ((-9)/(-2))/(z/8)?
2, 3
Suppose -6 = -0*v - 2*v. Let u be (v - -44) + (-4 - -2). Suppose -5*p + 15 = -u. List the prime factors of p.
2, 3
Let y = 75 - 51. What are the prime factors of y?
2, 3
Let p = 3 + -4. Let o be (p - -1)*1*-1. What are the prime factors of -1*((-2)/1 - o)?
2
Let u(k) = 3*k**2 + 2*k - 1. Let c be u(1). Let x be (0 + -6)/(c - 6). Suppose 54 = x*r - 3*y, y - 4*y + 42 = 3*r. List the prime factors of r.
2
Suppose 0 = 3*w + 13 + 20. Let u = w + 22. List the prime factors of u.
11
Let p be 2/3 - 6/9. Let h = -5 - -7. Suppose h*x - 7 - 1 = p. List the prime factors of x.
2
List the prime factors of (-2 - 38/2)/(6/(-76)).
2, 7, 19
Let t(c) = -c**3 - 5*c**2 - 2*c + 5. Let v be t(-4). Suppose -4*i - 4 = -0*i. List the prime factors of (i/v)/((-3)/(-45)).
5
Let w(a) = 5*a**3 - 7*a**2 + a + 9. Let h(f) = 3*f**3 - 3*f**2 + f + 5. Let m(d) = 7*h(d) - 4*w(d). List the prime factors of m(-6).
17
Let h(v) = v**2 - 11*v + 12. Let q be h(10). Suppose -9 - q = -u. List the prime factors of u.
11
Let z(i) = i + 2. List the prime factors of z(6).
2
Suppose 3*u + 30 = -78. List the prime factors of u/(-21)*(-84)/(-8).
2, 3
Let x(t) = t**2 - 11*t + 14. What are the prime factors of x(11)?
2, 7
Let w = 12 - 12. Suppose w = -p - 0*p + 30. What are the prime factors of p?
2, 3, 5
Suppose -x + 5*k + 26 = -0*x, -x - 2*k + 40 = 0. What are the prime factors of x?
2, 3
Let w(s) = -17*s - 21. List the prime factors of w(-7).
2, 7
Let r = 19 + -15. Suppose -4*o + 14 = 2*i, 5*o - 4*i - 12 = 12. Suppose r*b - 64 + o = 0. What are the prime factors of b?
3, 5
Suppose 2*r - 5 = 5. What are the prime factors of r?
5
Let y(m) = -m**2 - 2*m + 1. Let i be y(-5). Let o be 69/(-21) + (-4)/i. What are the prime factors of (-11)/3*1*o?
11
Let q(d) = d - 3. Let i(o) = -o + 3. Let t(n) = 5*i(n) + 6*q(n). List the prime factors of t(11).
2
Let k(w) = -w**3 + w**2 + w + 130. Let f be k(0). Let p = f + -92. What are the prime factors of p?
2, 19
Suppose -4*b - 4*g = -3*g - 13, 3*g - 9 = 3*b. Suppose 0 = 2*m + b*m - 48. List the prime factors of m.
2, 3
Let s(t) = t + 16. List the prime factors of s(3).
19
Let b be 2*-16*(-10)/10. Let z = 66 - b. What are the prime factors of z?
2, 17
Let o(j) = -j**3 + 7*j**2 + 9*j - 2. Let z be o(8). Let r = z - -2. List the prime factors of r.
2
Suppose 2*r = 5*r - 6. Suppose -x = r*x - 81. List the prime factors of x.
3
Let w(q) = 22*q + 23. List the prime factors of w(12).
7, 41
Suppose -8 = -2*l - 2. Suppose -4 - 11 = l*s, 2*s + 36 = 2*m. What are the prime factors of m?
13
Let g = -22 - -37. Suppose -g = -5*j + 100. What are the prime factors of j?
23
Let g(q) = -106*q**3 + q**2 + 4*q + 2. List the prime factors of g(-1).
3, 5, 7
Suppose -5*b + 5*p - 7 = -2, -1 = -p. Suppose 4*y - 21 = -2*o + 5*y, -o - 4*y + 24 = b. What are the prime factors of o?
2, 3
Suppose -z + 3 + 4 = 0. List the prime factors of z.
7
Let t = 3 - 1. Suppose -3*j + 100 = t*j. Suppose 3*b - j = 2*y, 0 = b - 2*y + 3*y. List the prime factors of b.
2
Let w = 0 - -2. Let u = 4 - w. What are the prime factors of (u - 4)/(4/(-14))?
7
Suppose 2*o = 3*i + 3*o - 329, 3*i - 4*o = 349. Suppose -3*v = -6*v + i. List the prime factors of v.
37
Let y(f) = -35*f - 1. What are the prime factors of y(-3)?
2, 13
Let t be 60/25*10/4. Let s be 0/(-2 + -1 + 4). Suppose s*w = 2*w - t. List the prime factors of w.
3
Suppose 3*s = 3*k - 246, -4*k + 0*s + 320 = 4*s. List the prime factors of k.
3
Let x(m) = -m**2 - 12*m + 4. List the prime factors of x(-6).
2, 5
Let o(a) = -3*a**2 - 8*a + 6. Let q(c) = 6*c**2 + 17*c - 12. Let n(r) = -5*o(r) - 2*q(r). List the prime factors of n(-5).
3, 13
Let y = 227 - -46. List the prime factors of y.
3, 7, 13
Let n(d) = 2*d**2 + 3*d. Let q be n(-2). Suppose -2*o + 12 = -3*u + 35, -q*u = -3*o - 22. List the prime factors of u.
5
Let l = 8 - 5. Let r(j) = 2*j**2 - 4*j - 1. Let u be r(l). Suppose -2*p - 3*p - 40 = -u*k, 2*k - 21 = 3*p. List the prime factors of k.
3
Let o(b) = -7*b - 44. What are the prime factors of o(-13)?
47
Suppose -2*t + 446 = 4*z, 3*t + z - 2*z = 683. What are the prime factors of t?
227
Let j(r) = -3*r - 5. List the prime factors of j(-5).
2, 5
Let c = -7 + 3. Let b(j) = 1 + 2*j - 2*j - 2*j. List the prime factors of b(c).
3
Suppose 2*z - 4*j = -134 + 670, -4*z + 1086 = -j. What are the prime factors of z?
2, 17
Let z be 4 - (3 - (1 + 1)). Suppose -4*x = -z*b + 37, 0*b = 2*b - 5*x - 27. What are the prime factors of b?
11
Suppose -2*q + 3*q = 6. Let d(k) be the third derivative of k**4/24 + 4*k**3/3 - 2*k**2. List the prime factors of d(q).
2, 7
Suppose -k - 1 = 0, 13 + 52 = 2*x + 5*k. What are the prime factors of x?
5, 7
Suppose -4*m - 8 = 0, -5*r = -r - 5*m - 18. Suppose -2*k - 4 = -r*y, 5*y = y + 3*k + 9. What are the prime factors of y + (2 - (1 - 1))?
5
Suppose 2*a - 7*a = 2*r - 77, -5*a + 5 = 0. Let s = 74 - r. What are the prime factors of s?
2, 19
Let x(n) = -1 - 1 - n - 4 - 3. List the prime factors of x(-13).
2
Let c(a) = a**3 + 5*a**2 - 4. Let p be c(-5). What are the prime factors of 1*(8 + p/(-4))?
3
Suppose -2*w - 24 = -4*w. Suppose 14 = 3*o - 4*r, 31 = -3*o - 7*r + 2*r. Let y = o + w. List the prime factors of y.
2, 5
What are the prime factors of 3/(0